{"id":5182,"date":"2021-11-04T16:15:51","date_gmt":"2021-11-04T15:15:51","guid":{"rendered":"https:\/\/farmaciadellago.ch\/portfolio\/analyse-des-cheveux\/"},"modified":"2021-11-04T16:15:51","modified_gmt":"2021-11-04T15:15:51","slug":"analyse-des-cheveux","status":"publish","type":"servizio","link":"https:\/\/farmaciadellago.ch\/fr\/servizio\/analyse-des-cheveux\/","title":{"rendered":"Analyse des cheveux"},"content":{"rendered":"<p>Analyse des cheveux<\/p>\n<p><strong>DIAM\u00c8TRE DES CHEVEUX<\/strong><br \/>\nMesure du diam\u00e8tre du poil et d\u00e9tail de la tige.<\/p>\n<p><strong>DENSIT\u00c9 DES CHEVEUX<\/strong><br \/>\nMesure du nombre de cheveux et \u00e9valuation du degr\u00e9 de calvitie selon l&rsquo;\u00e9chelle de Norwood : nombre de cheveux et duvet.<\/p>\n","protected":false},"featured_media":4255,"template":"","meta":{"_acf_changed":false,"_seopress_robots_primary_cat":"","_seopress_titles_title":"","_seopress_titles_desc":"","_seopress_robots_index":""},"class_list":["post-5182","servizio","type-servizio","status-publish","has-post-thumbnail","hentry"],"acf":[],"_links":{"self":[{"href":"https:\/\/farmaciadellago.ch\/fr\/wp-json\/wp\/v2\/servizio\/5182","targetHints":{"allow":["GET"]}}],"collection":[{"href":"https:\/\/farmaciadellago.ch\/fr\/wp-json\/wp\/v2\/servizio"}],"about":[{"href":"https:\/\/farmaciadellago.ch\/fr\/wp-json\/wp\/v2\/types\/servizio"}],"wp:featuredmedia":[{"embeddable":true,"href":"https:\/\/farmaciadellago.ch\/fr\/wp-json\/wp\/v2\/media\/4255"}],"wp:attachment":[{"href":"https:\/\/farmaciadellago.ch\/fr\/wp-json\/wp\/v2\/media?parent=5182"}],"curies":[{"name":"wp","href":"https:\/\/api.w.org\/{rel}","templated":true}]}}

<p>Analyse des cheveux</p>
<p><strong>DIAMÈTRE DES CHEVEUX</strong><br />
Mesure du diamètre du poil et détail de la tige.</p>
<p><strong>DENSITÉ DES CHEVEUX</strong><br />
Mesure du nombre de cheveux et évaluation du degré de calvitie selon l&rsquo;échelle de Norwood : nombre de cheveux et duvet.</p>
